mmon divisor of 72 and 36?
36
Calculate the greatest common divisor of 3006 and 144.
18
Calculate the greatest common factor of 60 and 40.
20
What is the highest common factor of 2522 and 485?
97
What is the greatest common factor of 24 and 16?
8
Calculate the greatest common factor of 650 and 50.
50
What is the highest common divisor of 118 and 19706?
118
What is the greatest common factor of 5350 and 25?
25
Calculate the greatest common factor of 423 and 564.
141
Calculate the greatest common factor of 390 and 180.
30
What is the greatest common factor of 14544 and 48?
48
Calculate the highest common divisor of 48 and 1424.
16
What is the highest common factor of 51 and 6?
3
What is the greatest common divisor of 30 and 255?
15
What is the highest common divisor of 4510 and 110?
110
Calculate the highest common divisor of 284 and 140.
4
What is the greatest common divisor of 51 and 187?
17
What is the highest common factor of 5268 and 12?
12
Calculate the greatest common divisor of 685 and 10.
5
What is the highest common factor of 147 and 483?
21
What is the greatest common divisor of 20 and 45?
5
Calculate the greatest common divisor of 3192 and 171.
57
What is the greatest common divisor of 17 and 493?
17
Calculate the highest common factor of 14 and 564.
2
Calculate the highest common divisor of 122 and 4331.
61
What is the highest common factor of 3 and 507?
3
What is the highest common divisor of 407 and 33?
11
Calculate the highest common factor of 34575 and 75.
75
What is the highest common divisor of 83 and 415?
83
Calculate the greatest common factor of 697 and 123.
41
Calculate the greatest common factor of 63 and 17829.
63
Calculate the highest common factor of 3196 and 141.
47
What is the highest common divisor of 184 and 506?
46
Calculate the highest common factor of 2040 and 150.
30
What is the highest common divisor of 1036 and 56?
28
What is the greatest common factor of 23 and 184?
23
What is the greatest common divisor of 272 and 336?
16
Calculate the highest common divisor of 187 and 12529.
187
What is the greatest common factor of 54 and 102?
6
What is the greatest common divisor of 1581 and 51?
51
Calculate the highest common divisor of 70 and 110.
10
Calculate the greatest common factor of 348 and 319.
29
What is the highest common factor of 7 and 13993?
7
What is the highest common divisor of 138 and 7682?
46
What is the highest common factor of 2279 and 43?
43
Calculate the greatest common divisor of 18195 and 30.
15
What is the greatest common divisor of 25 and 580?
5
Calculate the highest common divisor of 128 and 560.
16
Calculate the highest common factor of 46 and 621.
23
Calculate the highest common divisor of 416 and 1976.
104
What is the greatest common factor of 424 and 159?
53
Calculate the highest common factor of 567 and 837.
27
Calculate the greatest common factor of 1617 and 11.
11
What is the highest common divisor of 2 and 287?
1
Calculate the greatest common divisor of 5731 and 11.
11
What is the highest common factor of 9443 and 133?
133
What is the highest common divisor of 74 and 8732?
74
What is the greatest common factor of 28 and 273?
7
Calculate the highest common factor of 112 and 4816.
112
Calculate the greatest common factor of 696 and 6554.
58
Calculate the highest common factor of 6 and 16.
2
Calculate the highest common factor of 81 and 1593.
27
Calculate the highest common divisor of 364 and 559.
13
What is the greatest common factor of 72 and 6504?
24
What is the highest common factor of 165 and 60?
15
What is the greatest common factor of 406 and 14?
14
Calculate the greatest common divisor of 40 and 7640.
40
What is the greatest common factor of 44 and 66?
22
What is the highest common factor of 3082 and 230?
46
Calculate the greatest common factor of 11482 and 2.
2
Calculate the greatest common factor of 16 and 312.
8
What is the highest common divisor of 52 and 1404?
52
Calculate the highest common divisor of 21 and 12362.
7
What is the greatest common factor of 248 and 186?
62
What is the greatest common factor of 102 and 12478?
34
Calculate the greatest common factor of 46 and 1840.
46
Calculate the greatest common divisor of 4 and 1244.
4
What is the highest common divisor of 2044 and 84?
28
What is the greatest common divisor of 21 and 476?
7
What is the highest common factor of 1512 and 999?
27
Calculate the greatest common divisor of 114 and 152.
38
Calculate the greatest common divisor of 462 and 1782.
66
Calculate the highest common divisor of 37 and 1073.
37
What is the highest common factor of 225 and 11880?
45
Calculate the greatest common factor of 12 and 150.
6
Calculate the greatest common divisor of 54 and 6.
6
Calculate the highest common divisor of 93 and 27.
3
Calculate the greatest common divisor of 184 and 10.
2
Calculate the greatest common divisor of 104 and 416.
104
Calculate the greatest common factor of 6847 and 82.
41
Calculate the highest common factor of 119724 and 66.
66
Calculate the greatest common divisor of 456 and 44688.
456
What is the greatest common divisor of 2040 and 68?
68
What is the highest common divisor of 16 and 656?
16
What is the highest common divisor of 352 and 992?
32
Calculate the greatest common factor of 139 and 2224.
139
What is the highest common divisor of 560 and 360?
40
What is the highest common factor of 42 and 84?
42
Calculate the highest common divisor of 297 and 132.
33
Calculate the greatest common divisor of 8 and 8.
8
Calculate the greatest common divisor of 43 and 2107.
43
What is the highest common factor of 40 and 5?
5
Calculate the greatest common divisor of 14 and 420.
14
Calculate the greatest common divisor of 1326 and 1020.
102
Calculate the greatest common divisor of 3 and 159.
3
What is the greatest common divisor of 30 and 498?
6
What is the highest common factor of 13706 and 154?
154
Calculate the greatest common factor of 68 and 340.
68
What is the highest common divisor of 1476 and 126?
18
What is the highest common factor of 412 and 1957?
103
Calculate the greatest common factor of 13 and 221.
13
Calculate the greatest common divisor of 80 and 112.
16
What is the greatest common divisor of 124 and 116?
4
Calculate the highest common factor of 28 and 1316.
28
Calculate the greatest common factor of 90 and 81.
9
Calculate the highest common factor of 4816 and 860.
172
Calculate the greatest common factor of 98 and 70.
14
Calculate the highest common divisor of 44 and 1276.
44
Calculate the greatest common factor of 168 and 56.
56
Calculate the highest common divisor of 597 and 3.
3
What is the greatest common factor of 42 and 854?
14
Calculate the greatest common factor of 1080 and 126.
18
What is the greatest common factor of 4123 and 2604?
217
Calculate the greatest common divisor of 14381 and 73.
73
What is the greatest common factor of 228 and 1311?
57
What is the highest common factor of 9 and 52812?
9
Calculate the greatest common divisor of 2840 and 40.
40
What is the greatest common divisor of 81 and 72?
9
What is the greatest common factor of 286 and 22?
22
Calculate the greatest common divisor of 12 and 101616.
12
What is the greatest common factor of 37 and 12469?
37
Calculate the highest common divisor of 357 and 21.
21
What is the highest common divisor of 40 and 320?
40
Calculate the highest common factor of 22 and 11.
11
What is the greatest common factor of 17982 and 74?
74
Calculate the highest common factor of 165 and 1089.
33
What is the greatest common divisor of 2134 and 970?
194
What is the greatest common factor of 40 and 60?
20
What is the highest common factor of 25 and 45?
5
What is the highest common factor of 27 and 18441?
27
What is the greatest common divisor of 2015 and 845?
65
Calculate the highest common factor of 279 and 31.
31
What is the highest common factor of 2 and 34?
2
What is the greatest common factor of 77 and 165?
11
What is the greatest common divisor of 2331 and 444?
111
What is the greatest common divisor of 38 and 247?
19
Calculate the highest common factor of 256 and 32.
32
What is the greatest common factor of 19796 and 196?
196
What is the greatest common divisor of 154 and 264?
22
What is the greatest common divisor of 15 and 955?
5
What is the hi